380/(-12)?
31
Let l = 6050 - 6023. What is the remainder when 63 is divided by l?
9
Suppose 0 = 16*h + 32. What is the remainder when (-135)/h - (-74)/148 is divided by 10?
8
Let k(v) = -v**3 + 97*v**2 - 488*v + 57439. Let o be 0 - 2*(6 - 1). Calculate the remainder when (-52)/o*5/1 is divided by k(98).
4
Suppose 0 = 2*s - 2*z - 33 - 73, -5*s + z + 253 = 0. Let t = -21 - -21. Suppose -4*l + 59 + 13 = t. What is the remainder when s is divided by l?
14
Suppose j + 0 = y - 10, -5 = 2*y + 3*j. Suppose 107 + 88 = y*s. Let t = 7 - -14. What is the remainder when s is divided by t?
18
Suppose 3*l - 30 = -18. Suppose 0 = -l*y + 194 + 154. Calculate the remainder when y is divided by 9.
6
Let r(u) = 19*u + 24. Let q(s) = s + 6. Let p be q(2). Let j(h) = -9*h - 6. Calculate the remainder when r(p) is divided by j(-4).
26
Let u(t) = -t**2 + 16*t - 37. Let w be u(3). Let b(k) = 17*k**2 + 20*k - 45. Calculate the remainder when 251 is divided by b(w).
62
Let g = -516 - -512. Let w(d) = -15*d - 4*d - 8*d - 1. Calculate the remainder when w(g) is divided by 36.
35
Suppose 5*k - 5*l + 8 = -l, -2*l + 4 = -k. What is the remainder when 22 is divided by (2 - -24)/(2 + k/(-4))?
9
Let o(m) = 22*m**2 + 2. Let w = 1 - 2. Let g = w + 2. Calculate the remainder when 46 is divided by o(g).
22
Let o(c) = 30*c + 61. Let m be o(-9). Let v = m + 216. What is the remainder when 14*((-12)/(-8) - 0) is divided by v?
0
Suppose -479 = -4*u + 884 + 737. Calculate the remainder when u is divided by 487.
38
Let r = -200 + 307. Suppose r*h - 106*h - 170 = 0. Calculate the remainder when h is divided by 43.
41
Let v = -90 + 106. Suppose -3*g + 11 + 17 = 2*j, 5*g = 5*j + 55. Calculate the remainder when v is divided by g.
6
Let m(r) = r**3 + r**2 - 5*r - 23. Let c be m(4). Suppose -z + 36 = 4*s - c, -s - 5*z = -4. Calculate the remainder when 35 is divided by s.
16
Suppose 2*n + 606 = 6*h - 3*h, 4*h - 822 = -2*n. What is the remainder when 795 is divided by h?
183
Suppose 2*m + 5*f - 40739 = 0, -10*f - 61161 = -3*m - 7*f. Let j(g) = 80*g + 4. What is the remainder when j(3) is divided by m/602 + 8/7?
34
Let y = 8 + 13. What is the remainder when 174 is divided by (y/9 + -4)/((-4)/108)?
39
Let z(w) = -w**3 + 5*w**2 + 3*w + 1. Calculate the remainder when z(-6) is divided by 112.
43
Suppose 25*h - 23*h - 362 = -2*m, 909 = 5*m + 3*h. Calculate the remainder when m is divided by 57.
12
Suppose 20956 = 848*i - 114724. Calculate the remainder when 504 is divided by i.
24
Let g be 2/(4/(-14) - 9120/(-32312)). Let r = -565 - g. What is the remainder when 58 is divided by r?
10
Suppose 4*o - 49 - 19 = 0. Let w be 47/(-3) + -3 + 32/12. Let v(f) = 2*f**2 + 31*f + 30. What is the remainder when v(w) is divided by o?
12
Suppose -19*o + 22*o - 33 = 0. Calculate the remainder when 341 is divided by (9/(-15))/((33/(-90))/o).
17
Let v(n) = -4*n**2 + 10*n + 20. Let t be v(6). Let o = t + 72. Calculate the remainder when 22 is divided by o.
6
Let w = 278 + -258. Suppose 5*x - 909 = -5*h + 866, 1064 = 3*h + 4*x. What is the remainder when h is divided by w?
16
Suppose c - 9 - 79 = 0. Suppose 15*u + 276 = 21*u. Suppose -106 + u = -4*y. Calculate the remainder when c is divided by y.
13
Let g(o) = -33*o - o**2 - 4 - 28*o + 107*o - 30*o - 2. Suppose 0*r + 4*r - 200 = 0. What is the remainder when r is divided by g(15)?
5
Suppose 26*y - 21*y = 122 + 83. Calculate the remainder when 353 is divided by y.
25
Suppose 9 = 2*j + 8*w - 3*w, -5*j - 5*w = 0. Let f = 13 + -7. Calculate the remainder when 43 is divided by (-6)/(j - 0)*69/f.
20
Suppose 7*h + s - 3 = 4*h, 5*h - 1 = -3*s. Suppose 4*m - 520 = 4*p, -h*m - 3*m + 686 = 4*p. Let o = m - 52. What is the remainder when o is divided by 28?
26
Let l be (3/(-6)*15)/(2/(-4)). Suppose -5*z + l = 5*y, 6*z - z = y - 15. What is the remainder when 47 is divided by y?
2
What is the remainder when 131400/800 + (-14)/(-8) is divided by 54?
4
Let u(n) = 45*n**2 - 432*n + 5. What is the remainder when u(10) is divided by 48?
41
Suppose -4*t + y + 645 = 0, 2*y = -2*t + 164 + 146. Suppose 3*s + 13*s = -t. Calculate the remainder when 44 is divided by s + 6 + -1 - -21.
12
Suppose -16677 = -5*d - 4*d. Suppose 35*s - 2347 = d. Calculate the remainder when s is divided by 43.
34
Suppose -5*d - 3*d - 3*d = -726. Calculate the remainder when 302 is divided by d.
38
Suppose 5*c - k = 2881, 0 = 2*c + k - 4*k - 1142. Calculate the remainder when c is divided by 175.
52
Let b = 143 - 87. Suppose -5*a + 52 = -z, 104 = -18*z + 21*z + 5*a. Calculate the remainder when b is divided by z.
4
Let r(m) = 2*m**3 - 6*m + 4. Suppose 5*s = -33 - 77. Let a = s - -42. What is the remainder when a is divided by r(2)?
4
Let v(y) = -82*y - 6222. Calculate the remainder when 259 is divided by v(-76).
9
Suppose 1608 - 841 = 13*b. What is the remainder when 162 is divided by b?
44
Suppose -4*o - 5*k = -15381, 3*o = -23*k + 19*k + 11534. Calculate the remainder when 3857 is divided by o.
3
Let z(w) = -w**2 + 32*w - 227. Let j be z(16). Let g(u) = -2*u**2 - 6*u + 8. Let h be g(-6). Let f = j - h. What is the remainder when f is divided by 16?
9
Let w be 36/(-8)*(-8 + 6). Let b(o) = -6*o**2 + w*o - 15 - 18*o + 5*o**2 - 17*o. What is the remainder when 118 is divided by b(-25)?
8
Suppose -74 = -4*b + 2*b. Suppose -4*k = 2*h + 3*h - 360, -203 = -3*h - 5*k. Suppose 24*a = 20*a + h. Calculate the remainder when b is divided by a.
18
Let b = -14419 + 17394. What is the remainder when b is divided by 229?
227
Let m be ((-4)/(-3))/((-13)/(-39)). Let y(z) = 6*z. Let g be y(m). Let s = 27 - g. Calculate the remainder when 10 is divided by s.
1
Let k(s) be the third derivative of s**5/30 + s**4/8 - 14*s**3 - 23*s**2. Let j be k(0). Let v = j + 117. What is the remainder when v is divided by 8?
1
Suppose 4*q + 5*s = 393, -q + 4*s + s = -92. Let y = q + -68. Suppose -1098*p - 1114*p = -2193*p - 304. Calculate the remainder when y is divided by p.
13
Suppose -2*s - 7007 = -5*o, -3*o + 2*s - 1263 = -5472. What is the remainder when o is divided by 3?
1
Let v(o) = 965*o - 186. Calculate the remainder when v(5) is divided by 21.
19
Let u = -49 - -51. Let t(c) = -3*c + c + 17*c**3 - c**2 - c**2. What is the remainder when t(u) is divided by 25?
24
Let t(a) = -a. Let d be t(-10). Let p(k) = -3*k + 4. What is the remainder when p(-3) is divided by 76/d - 8/(-20)?
5
Suppose -5*z - 726 = -1566. Suppose 2*l = -l + 3*f + z, -4*f = 2*l - 136. Calculate the remainder when 597 is divided by l.
57
Suppose 37 = 8*t - 131. What is the remainder when 139 is divided by 14/t*279/6?
15
Let b(y) = -20*y + 4. Suppose 0 = 211*d - 218*d + 91. Calculate the remainder when b(-1) is divided by d.
11
Suppose -4*i = 9*l - 8*l - 3571, -1788 = -2*i + 2*l. Suppose -27*h + i + 862 = 0. What is the remainder when 182 is divided by h?
52
Let g(l) = 10*l + 1. Let q(k) = 37*k + 226. What is the remainder when q(-5) is divided by g(1)?
8
Suppose -42 = -p + 84*m - 81*m, 49 = 4*p + 5*m. Let h(n) = -8*n - 3. Let g = -2 - 0. Calculate the remainder when p is divided by h(g).
8
Let z(s) = 17*s**2 - 86*s - 25. Calculate the remainder when z(10) is divided by 37.
1
Let n = -32 + 36. Suppose n*x - 7*x - 4*c = -131, 0 = 2*x - c - 102. Calculate the remainder when x is divided by 1/((-2)/(-50)) - 0.
24
Let u = -413 - -607. Suppose -259 = -4*n - w, -2*w + 129 = 5*n - u. What is the remainder when 141 is divided by n?
11
Suppose -k + 7 = -126. Suppose -2*b - w - 2*w = 133, 4*b - 5*w + 321 = 0. Let v = b + k. What is the remainder when v is divided by 21?
17
Suppose -2*m + 14 = 0, 946 + 1570 = 5*a - 2*m. Calculate the remainder when a is divided by 127.
125
Suppose 9758 + 19296 = 73*l. What is the remainder when l is divided by 122?
32
Suppose 0 = 3*g - 4*g + 144. Suppose -322 = 8*r - 569 - 425. Let c = g - r. What is the remainder when c is divided by 18?
6
Let g = -1037 - -1855. Suppose 134 = 18*w + g. Calculate the remainder when -3 + ((-4)/8*-6 - w) is divided by 8.
6
Let p(x) = -2*x - 6. Let f be p(-5). Suppose v - f = 12. Suppose 3*j - 171 = -y, 6*y - 9 = -27. Calculate the remainder when j is divided by v.
10
Let y(p) = p**3 + 2*p**2 - 9*p + 30. Let w be y(7). Let f = w - 86. What is the remainder when f is divided by 18?
16
Let m = -5128 - -5145. Calculate 